{"id":424,"date":"2025-05-26T13:10:06","date_gmt":"2025-05-26T13:10:06","guid":{"rendered":"https:\/\/winott.com\/?post_type=product&#038;p=424"},"modified":"2025-05-26T13:21:43","modified_gmt":"2025-05-26T13:21:43","slug":"12-month-iptv-subscription-1-device","status":"publish","type":"product","link":"https:\/\/winott.com\/swed\/produkt\/12-month-iptv-subscription-1-device\/","title":{"rendered":"12 m\u00e5naders IPTV-abonnemang 1 enhet"},"content":{"rendered":"<p><span class=\"s1\"><b>12-m\u00e5naders IPTV-abonnemang<\/b><\/span> \u00e4r den b\u00e4sta l\u00e5ngsiktiga planen f\u00f6r oavbruten streaming av h\u00f6g kvalitet \u00e5ret runt.<\/p>\n<p>V\u00e5r <b>12-m\u00e5naders IPTV-abonnemang<\/b> for 1 Device \u00e4r den ultimata l\u00e5ngsiktiga IPTV-l\u00f6sningen \u2013 perfekt f\u00f6r anv\u00e4ndare som vill ha maximalt v\u00e4rde, inga avbrott och fullst\u00e4ndig sinnesro.<\/p>\n<p>Med den h\u00e4r prenumerationen f\u00e5r du 365 dagars obegr\u00e4nsad tillg\u00e5ng till \u00f6ver 18 000 livekanaler fr\u00e5n hela v\u00e4rlden, tillsammans med tusentals filmer och serier on-demand \u2013 allt i Full HD- och 4K-kvalitet.<\/p>\n<p>\u2705 1-enhetsplan \u2013 B\u00e4st l\u00e4mpad f\u00f6r dedikerade anv\u00e4ndare med en enda enhet<br \/>\n\u2705 Perfekt f\u00f6r streaming \u00e5ret runt utan att beh\u00f6va oroa sig f\u00f6r m\u00e5natliga f\u00f6rnyelser<br \/>\n\u2705 Kompatibla enheter: Smarta TV-apparater, Android-boxar, Firesticks, iPhones\/iPads, datorer och mer<br \/>\n\u2705 Ultrasnabb prestanda: Buffertfri visning och blixtsnabb kanalv\u00e4xling<br \/>\n\u2705 Support: Professionell support dygnet runt ing\u00e5r \u00e5ret runt<\/p>\n<p>\u2014<\/p>\n<p>Detta <b>12-m\u00e5naders IPTV-abonnemang <\/b>Abonnemanget \u00e4r f\u00f6r streamers som v\u00e4rdes\u00e4tter kvalitet, p\u00e5litlighet och bekv\u00e4mlighet. Det \u00e4r v\u00e5r mest kostnadseffektiva prenumeration, vilket sparar dig upp till 40% j\u00e4mf\u00f6rt med m\u00e5nadsbetalningar.<\/p>\n<p>\ud83d\udd01 St\u00e4ll in den en g\u00e5ng och njut av hela \u00e5ret \u2014 inga p\u00e5minnelser, inga avbrott, bara underh\u00e5llning.<\/p>\n<p>\ud83c\udf81 Inkluderar gratis uppdateringar och tillg\u00e5ng till v\u00e5ra senaste kanalut\u00f6kningar under hela \u00e5ret.<\/p>\n<p>\ud83d\udd12 Winott IPTV \u2013 En prenumeration. Ett \u00e5r. Total frihet.<\/p>","protected":false},"excerpt":{"rendered":"<p>F\u00e5 ett helt \u00e5r av IPTV-streaming p\u00e5 en enhet med \u00f6ver 18 000 livekanaler och on-demand-inneh\u00e5ll. Spara mer och streama bekymmersfritt i 12 m\u00e5nader i str\u00e4ck.<\/p>","protected":false},"featured_media":426,"comment_status":"open","ping_status":"closed","template":"","meta":{"_acf_changed":false},"product_brand":[28],"product_cat":[27,45,26,25,24,22,23,42],"product_tag":[34,30,36,46,35,33,31,39,32,40],"class_list":{"0":"post-424","1":"product","2":"type-product","3":"status-publish","4":"has-post-thumbnail","6":"product_brand-winott","7":"product_cat-best-iptv-subscription","8":"product_cat-12-month-iptv-subscription","9":"product_cat-best-iptv-2025","10":"product_cat-cheap-iptv-subscriptions","11":"product_cat-iptv-europe","12":"product_cat-iptv-family","13":"product_cat-iptv-sports","14":"product_cat-iptv-subscription-1-device","15":"product_tag-best-iptv-no-buffer","16":"product_tag-cheap-iptv-2025","17":"product_tag-european-iptv","18":"product_tag-iptv-12-month","19":"product_tag-iptv-firestick","20":"product_tag-iptv-for-smart-tv","21":"product_tag-iptv-subscription-trial","22":"product_tag-long-term-iptv","23":"product_tag-watch-live-tv-online","24":"product_tag-winott-iptv","26":"first","27":"instock","28":"sale","29":"virtual","30":"purchasable","31":"product-type-simple"},"acf":[],"_links":{"self":[{"href":"https:\/\/winott.com\/swed\/wp-json\/wp\/v2\/product\/424","targetHints":{"allow":["GET"]}}],"collection":[{"href":"https:\/\/winott.com\/swed\/wp-json\/wp\/v2\/product"}],"about":[{"href":"https:\/\/winott.com\/swed\/wp-json\/wp\/v2\/types\/product"}],"replies":[{"embeddable":true,"href":"https:\/\/winott.com\/swed\/wp-json\/wp\/v2\/comments?post=424"}],"wp:featuredmedia":[{"embeddable":true,"href":"https:\/\/winott.com\/swed\/wp-json\/wp\/v2\/media\/426"}],"wp:attachment":[{"href":"https:\/\/winott.com\/swed\/wp-json\/wp\/v2\/media?parent=424"}],"wp:term":[{"taxonomy":"product_brand","embeddable":true,"href":"https:\/\/winott.com\/swed\/wp-json\/wp\/v2\/product_brand?post=424"},{"taxonomy":"product_cat","embeddable":true,"href":"https:\/\/winott.com\/swed\/wp-json\/wp\/v2\/product_cat?post=424"},{"taxonomy":"product_tag","embeddable":true,"href":"https:\/\/winott.com\/swed\/wp-json\/wp\/v2\/product_tag?post=424"}],"curies":[{"name":"wp","href":"https:\/\/api.w.org\/{rel}","templated":true}]}}